prime factors of 6635?
5, 1327
What are the prime factors of 1706?
2, 853
List the prime factors of 9663.
3, 3221
List the prime factors of 8253.
3, 7, 131
What are the prime factors of 24455?
5, 67, 73
What are the prime factors of 59149?
59149
List the prime factors of 29967.
3, 7, 1427
List the prime factors of 29311.
29311
What are the prime factors of 871?
13, 67
List the prime factors of 14824.
2, 17, 109
List the prime factors of 16710.
2, 3, 5, 557
List the prime factors of 846.
2, 3, 47
What are the prime factors of 14847?
3, 7, 101
What are the prime factors of 3998?
2, 1999
What are the prime factors of 922?
2, 461
List the prime factors of 1411.
17, 83
What are the prime factors of 52019?
11, 4729
What are the prime factors of 18080?
2, 5, 113
List the prime factors of 68225.
5, 2729
What are the prime factors of 60761?
60761
What are the prime factors of 208284?
2, 3, 17, 1021
What are the prime factors of 280?
2, 5, 7
List the prime factors of 650.
2, 5, 13
What are the prime factors of 1777?
1777
List the prime factors of 12191.
73, 167
What are the prime factors of 3952?
2, 13, 19
What are the prime factors of 531?
3, 59
List the prime factors of 13232.
2, 827
What are the prime factors of 12057?
3, 4019
What are the prime factors of 5248?
2, 41
What are the prime factors of 16417?
16417
List the prime factors of 141687.
3, 7, 13, 173
List the prime factors of 1525.
5, 61
What are the prime factors of 30735?
3, 5, 683
What are the prime factors of 1030?
2, 5, 103
List the prime factors of 2347.
2347
List the prime factors of 6057.
3, 673
List the prime factors of 6547.
6547
What are the prime factors of 104521?
127, 823
List the prime factors of 6141.
3, 23, 89
What are the prime factors of 4569?
3, 1523
List the prime factors of 6159.
3, 2053
List the prime factors of 90088.
2, 11261
List the prime factors of 93.
3, 31
What are the prime factors of 1052?
2, 263
What are the prime factors of 1219?
23, 53
List the prime factors of 18184.
2, 2273
List the prime factors of 127.
127
What are the prime factors of 119107?
119107
What are the prime factors of 1919?
19, 101
What are the prime factors of 38067?
3, 12689
List the prime factors of 4438.
2, 7, 317
List the prime factors of 14319.
3, 37, 43
What are the prime factors of 1066?
2, 13, 41
What are the prime factors of 2099?
2099
What are the prime factors of 69654?
2, 3, 13, 19, 47
List the prime factors of 2882.
2, 11, 131
List the prime factors of 752.
2, 47
List the prime factors of 2537.
43, 59
What are the prime factors of 17464?
2, 37, 59
What are the prime factors of 596?
2, 149
List the prime factors of 65222.
2, 32611
What are the prime factors of 166?
2, 83
What are the prime factors of 21048?
2, 3, 877
What are the prime factors of 49290?
2, 3, 5, 31, 53
List the prime factors of 781.
11, 71
List the prime factors of 3771.
3, 419
What are the prime factors of 648?
2, 3
List the prime factors of 14555.
5, 41, 71
What are the prime factors of 29604?
2, 3, 2467
What are the prime factors of 12261?
3, 61, 67
What are the prime factors of 18781?
7, 2683
List the prime factors of 2174.
2, 1087
List the prime factors of 10457.
10457
What are the prime factors of 14654?
2, 17, 431
List the prime factors of 37.
37
List the prime factors of 13977.
3, 1553
List the prime factors of 169267.
7, 24181
List the prime factors of 19404.
2, 3, 7, 11
What are the prime factors of 8090?
2, 5, 809
List the prime factors of 286.
2, 11, 13
List the prime factors of 34710.
2, 3, 5, 13, 89
What are the prime factors of 693?
3, 7, 11
What are the prime factors of 25630?
2, 5, 11, 233
What are the prime factors of 2514?
2, 3, 419
List the prime factors of 10356.
2, 3, 863
What are the prime factors of 1697?
1697
List the prime factors of 8556.
2, 3, 23, 31
List the prime factors of 1968.
2, 3, 41
List the prime factors of 3410.
2, 5, 11, 31
What are the prime factors of 39012?
2, 3, 3251
What are the prime factors of 4214?
2, 7, 43
List the prime factors of 2466.
2, 3, 137
What are the prime factors of 3374?
2, 7, 241
What are the prime factors of 45744?
2, 3, 953
List the prime factors of 8136.
2, 3, 113
List the prime factors of 13479.
3, 4493
What are the prime factors of 21968?
2, 1373
List the prime factors of 1250.
2, 5
What are the prime factors of 69241?
17, 4073
List the prime factors of 1695.
3, 5, 113
What are the prime factors of 27263?
137, 199
What are the prime factors of 3070?
2, 5, 307
List the prime factors of 2526.
2, 3, 421
List the prime factors of 785.
5, 157
List the prime factors of 858.
2, 3, 11, 13
What are the prime factors of 423?
3, 47
What are the prime factors of 2249?
13, 173
List the prime factors of 161.
7, 23
List the prime factors of 2443.
7, 349
What are the prime factors of 948?
2, 3, 79
List the prime factors of 9441.
3, 1049
What are the prime factors of 497?
7, 71
List the prime factors of 5803.
7, 829
List the prime factors of 6689.
6689
What are the prime factors of 53298?
2, 3, 7, 47
What are the prime factors of 3076?
2, 769
What are the prime factors of 756?
2, 3, 7
What are the prime factors of 139?
139
List the prime factors of 112010.
2, 5, 23, 487
List the prime factors of 4357.
4357
What are the prime factors of 4189?
59, 71
List the prime factors of 549.
3, 61
What are the prime factors of 12966?
2, 3, 2161
What are the prime factors of 22349?
22349
What are the prime factors of 3998?
2, 1999
List the prime factors of 4483.
4483
What are the prime factors of 18846?
2, 3, 349
What are the prime factors of 146470?
2, 5, 97, 151
List the prime factors of 15309.
3, 7
List the prime factors of 7661.
47, 163
List the prime factors of 5658.
2, 3, 23, 41
List the prime factors of 887.
887
List the prime factors of 10170.
2, 3, 5, 113
What are the prime factors of 12773?
53, 241
What are the prime factors of 103488?
2, 3, 7, 11
What are the prime factors of 37984?
2, 1187
List the prime factors of 24529.
19, 1291
What are the prime factors of 2200?
2, 5, 11
What are the prime factors of 6829?
6829
What are the prime factors of 4080?
2, 3, 5, 17
What are the prime factors of 10509?
3, 31, 113
List the prime factors of 17155.
5, 47, 73
What are the prime factors of 18340?
2, 5, 7, 131
List the prime factors of 1225.
5, 7
List the prime factors of 8150.
2, 5, 163
What are the prime factors of 1157?
13, 89
What are the prime factors of 16222?
2, 8111
What are the prime factors of 6066?
2, 3, 337
What are the prime factors of 2306?
2, 1153
What are the prime factors of 1205?
5, 241
What are the prime factors of 1004?
2, 251
List the prime factors of 36454.
2, 11, 1657
List the prime factors of 1699.
1699
List the prime factors of 20063.
20063
List the prime factors of 48603.
3, 17, 953
List the prime factors of 42128.
2, 2633
List the prime factors of 58383.
3, 13, 499
List the prime factors of 105183.
3, 13, 29, 31
List the prime factors of 52954.
2, 11, 29, 83
List the prime factors of 1234.
2, 617
List the prime factors of 130367.
130367
What are the prime factors of 1448?
2, 181
List the prime factors of 883.
883
List the prime factors of 21320.
2, 5, 13, 41
List the prime factors of 926.
2, 463
List the prime factors of 134910.
2, 3, 5, 1499
List the prime factors of 4955.
5, 991
What are the prime factors of 211?
211
List the prime factors of 22688.
2, 709
List the prime factors of 466.
2, 233
What are the prime factors of 2806?
2, 23, 61
List the prime factors of 21009.
3, 47, 149
List the prime factors of 57868.
2, 17, 23, 37
What are the prime factors of 36597?
3, 11, 1109
List the prime factors of 140269.
140269
List the prime factors of 1093.
1093
List the prime factors of 22861.
22861
What are the prime factors of 3684?
2, 3, 307
What are the prime factors of 12026?
2, 7, 859
What are the prime factors of 5149?
19, 271
What are the prime factors of 1182?
2, 3, 197
What are the prime factors of 114538?
2, 57269
What are the prime factors of 674?
2, 337
What are the prime factors of 738?
2, 3, 41
What are the prime factors of 61473?
3, 31, 661
What are the prime factors of 3557?
3557
List the prime factors of 3588.
2, 3, 13, 23
What are the prime factors of 32170?
2, 5, 3217
List the prime factors of 456.
2, 3, 19
What are the prime factors